{"id":25669,"date":"2026-01-26T09:05:21","date_gmt":"2026-01-26T14:05:21","guid":{"rendered":"https:\/\/solex.biz\/webinars\/?page_id=25669"},"modified":"2026-03-24T12:55:48","modified_gmt":"2026-03-24T17:55:48","slug":"eventos","status":"publish","type":"page","link":"https:\/\/solex.biz\/webinars\/eventos\/","title":{"rendered":"Eventos"},"content":{"rendered":"<p>[et_pb_section fb_built=\u00bb1&#8243; next_background_color=\u00bb#ffffff\u00bb _builder_version=\u00bb4.27.5&#8243; background_image=\u00bbhttps:\/\/solex.biz\/webinars\/wp-content\/uploads\/2026\/01\/banner-interior-min.png\u00bb background_position=\u00bbcenter_right\u00bb custom_padding=\u00bb103px||76px||false|\u00bb bottom_divider_style=\u00bbcurve\u00bb bottom_divider_height=\u00bb70px\u00bb locked=\u00bboff\u00bb global_colors_info=\u00bb{}\u00bb][et_pb_row column_structure=\u00bb1_2,1_2&#8243; use_custom_gutter=\u00bbon\u00bb gutter_width=\u00bb1&#8243; make_equal=\u00bbon\u00bb _builder_version=\u00bb4.27.5&#8243; background_enable_color=\u00bboff\u00bb width=\u00bb84%\u00bb max_width=\u00bb100%\u00bb min_height=\u00bb250px\u00bb custom_padding=\u00bb22px||47px||false|\u00bb global_colors_info=\u00bb{}\u00bb][et_pb_column type=\u00bb1_2&#8243; _builder_version=\u00bb4.27.5&#8243; custom_css_main_element=\u00bbdisplay: flex;||flex-direction: column;||justify-content: center;\u00bb global_colors_info=\u00bb{}\u00bb][et_pb_text _builder_version=\u00bb4.27.5&#8243; text_text_color=\u00bb#ffffff\u00bb header_text_color=\u00bb#ffffff\u00bb header_font_size=\u00bb50px\u00bb custom_padding=\u00bb1px||0px||false|false\u00bb global_colors_info=\u00bb{}\u00bb]<\/p>\n<h1>EVENTOS SOLEX<\/h1>\n<p>[\/et_pb_text][et_pb_text _builder_version=\u00bb4.27.5&#8243; text_text_color=\u00bb#FFFFFF\u00bb text_font_size=\u00bb15px\u00bb text_line_height=\u00bb1.1em\u00bb header_text_color=\u00bb#ffffff\u00bb header_font_size=\u00bb40px\u00bb header_2_text_color=\u00bb#FFFFFF\u00bb header_3_text_color=\u00bb#FFFFFF\u00bb background_layout=\u00bbdark\u00bb custom_margin=\u00bb||9px|||\u00bb custom_padding=\u00bb||||false|false\u00bb global_colors_info=\u00bb{}\u00bb]<\/p>\n<div>Conoce los encuentros l\u00edderes en Latinoam\u00e9rica sobre Gesti\u00f3n de Activos, ServiceNow y Anal\u00edtica de Datos. Eventos dise\u00f1ados para inspirar, conectar y potenciar la transformaci\u00f3n digital.<\/div>\n<p>[\/et_pb_text][\/et_pb_column][et_pb_column type=\u00bb1_2&#8243; _builder_version=\u00bb4.21.0&#8243; custom_css_main_element=\u00bbdisplay: flex;||flex-direction: column;||justify-content: center;\u00bb global_colors_info=\u00bb{}\u00bb][\/et_pb_column][\/et_pb_row][\/et_pb_section][et_pb_section fb_built=\u00bb1&#8243; _builder_version=\u00bb4.27.5&#8243; _module_preset=\u00bbdefault\u00bb global_colors_info=\u00bb{}\u00bb][et_pb_row _builder_version=\u00bb4.27.5&#8243; _module_preset=\u00bbdefault\u00bb global_colors_info=\u00bb{}\u00bb][et_pb_column type=\u00bb4_4&#8243; _builder_version=\u00bb4.27.5&#8243; _module_preset=\u00bbdefault\u00bb global_colors_info=\u00bb{}\u00bb][et_pb_text _builder_version=\u00bb4.27.5&#8243; _module_preset=\u00bbdefault\u00bb text_font=\u00bbAntipasto Pro|700|||||||\u00bb text_text_color=\u00bb#083185&#8243; text_font_size=\u00bb24px\u00bb text_orientation=\u00bbcenter\u00bb locked=\u00bboff\u00bb global_colors_info=\u00bb{}\u00bb]<\/p>\n<p>Pr\u00f3ximos Eventos Presenciales<\/p>\n<p>[\/et_pb_text][\/et_pb_column][\/et_pb_row][et_pb_row column_structure=\u00bb1_4,1_4,1_4,1_4&#8243; use_custom_gutter=\u00bbon\u00bb gutter_width=\u00bb2&#8243; make_equal=\u00bbon\u00bb _builder_version=\u00bb4.27.5&#8243; _module_preset=\u00bbdefault\u00bb width=\u00bb95%\u00bb max_width=\u00bb2560px\u00bb module_alignment=\u00bbcenter\u00bb hover_enabled=\u00bb0&#8243; global_colors_info=\u00bb{}\u00bb sticky_enabled=\u00bb0&#8243;][et_pb_column type=\u00bb1_4&#8243; _builder_version=\u00bb4.27.5&#8243; _module_preset=\u00bbdefault\u00bb custom_padding=\u00bb50px|20px|50px|20px|true|true\u00bb border_radii=\u00bbon|20px|20px|20px|20px\u00bb box_shadow_style=\u00bbpreset1&#8243; global_colors_info=\u00bb{}\u00bb][et_pb_text _builder_version=\u00bb4.27.5&#8243; _module_preset=\u00bbdefault\u00bb text_font=\u00bbComfortaa|700|||||||\u00bb text_text_color=\u00bb#083185&#8243; text_font_size=\u00bb20px\u00bb background_color=\u00bb#0097D3&#8243; text_orientation=\u00bbcenter\u00bb custom_padding=\u00bb10px||10px||true|false\u00bb border_radii=\u00bbon|50px|50px|50px|50px\u00bb global_colors_info=\u00bb{}\u00bb]<\/p>\n<p>23 Abril<\/p>\n<p>[\/et_pb_text][et_pb_text _builder_version=\u00bb4.27.5&#8243; _module_preset=\u00bbdefault\u00bb text_text_color=\u00bb#083185&#8243; text_font_size=\u00bb17px\u00bb text_orientation=\u00bbcenter\u00bb locked=\u00bboff\u00bb global_colors_info=\u00bb{}\u00bb]<\/p>\n<p>Version 9\u00b0<\/p>\n<p>[\/et_pb_text][et_pb_image src=\u00bbhttps:\/\/solex.biz\/webinars\/wp-content\/uploads\/2025\/09\/Logo-Data-2026.webp\u00bb title_text=\u00bbLogo Data 2026&#8243; align=\u00bbcenter\u00bb _builder_version=\u00bb4.27.5&#8243; _module_preset=\u00bbdefault\u00bb width=\u00bb100%\u00bb global_colors_info=\u00bb{}\u00bb][\/et_pb_image][et_pb_divider _builder_version=\u00bb4.27.5&#8243; _module_preset=\u00bbdefault\u00bb global_colors_info=\u00bb{}\u00bb][\/et_pb_divider][et_pb_text _builder_version=\u00bb4.27.5&#8243; _module_preset=\u00bbdefault\u00bb text_text_color=\u00bb#083185&#8243; text_font_size=\u00bb17px\u00bb text_orientation=\u00bbcenter\u00bb locked=\u00bboff\u00bb global_colors_info=\u00bb{}\u00bb]<\/p>\n<p>Bogot\u00e1 &#8211; Colombia<\/p>\n<p>[\/et_pb_text][et_pb_text _builder_version=\u00bb4.27.5&#8243; _module_preset=\u00bbdefault\u00bb locked=\u00bboff\u00bb global_colors_info=\u00bb{}\u00bb]<\/p>\n<p>Encuentro enfocado en anal\u00edtica avanzada, mejores pr\u00e1cticas y experiencias empresariales que impulsan estrategias de datos s\u00f3lidas y escalables en las organizaciones.<\/p>\n<p>&nbsp;<\/p>\n<p>[\/et_pb_text][et_pb_button button_url=\u00bbhttps:\/\/www.solex.biz\/data-summit-colombia\/\u00bb button_text=\u00bbRegistrarme\u00bb button_alignment=\u00bbcenter\u00bb _builder_version=\u00bb4.27.5&#8243; _module_preset=\u00bbdefault\u00bb custom_button=\u00bbon\u00bb button_use_icon=\u00bboff\u00bb global_colors_info=\u00bb{}\u00bb][\/et_pb_button][\/et_pb_column][et_pb_column type=\u00bb1_4&#8243; _builder_version=\u00bb4.27.5&#8243; _module_preset=\u00bbdefault\u00bb custom_padding=\u00bb50px|20px|50px|20px|true|true\u00bb border_radii=\u00bbon|20px|20px|20px|20px\u00bb box_shadow_style=\u00bbpreset1&#8243; global_colors_info=\u00bb{}\u00bb][et_pb_text _builder_version=\u00bb4.27.5&#8243; _module_preset=\u00bbdefault\u00bb text_font=\u00bbComfortaa|700|||||||\u00bb text_text_color=\u00bb#083185&#8243; text_font_size=\u00bb20px\u00bb background_color=\u00bb#0097D3&#8243; text_orientation=\u00bbcenter\u00bb custom_padding=\u00bb10px||10px||true|false\u00bb border_radii=\u00bbon|50px|50px|50px|50px\u00bb global_colors_info=\u00bb{}\u00bb]<\/p>\n<p>13, 14 y 15 Mayo<\/p>\n<p>[\/et_pb_text][et_pb_text _builder_version=\u00bb4.27.5&#8243; _module_preset=\u00bbdefault\u00bb text_text_color=\u00bb#083185&#8243; text_font_size=\u00bb17px\u00bb text_orientation=\u00bbcenter\u00bb locked=\u00bboff\u00bb global_colors_info=\u00bb{}\u00bb]<\/p>\n<p>Version 30\u00b0<\/p>\n<p>[\/et_pb_text][et_pb_image src=\u00bbhttps:\/\/solex.biz\/webinars\/wp-content\/uploads\/2024\/10\/Logo-elum-.png\u00bb title_text=\u00bbLogo elum\u00bb align=\u00bbcenter\u00bb _builder_version=\u00bb4.27.5&#8243; _module_preset=\u00bbdefault\u00bb width=\u00bb90%\u00bb global_colors_info=\u00bb{}\u00bb][\/et_pb_image][et_pb_divider _builder_version=\u00bb4.27.5&#8243; _module_preset=\u00bbdefault\u00bb global_colors_info=\u00bb{}\u00bb][\/et_pb_divider][et_pb_text _builder_version=\u00bb4.27.5&#8243; _module_preset=\u00bbdefault\u00bb text_text_color=\u00bb#083185&#8243; text_font_size=\u00bb17px\u00bb text_orientation=\u00bbcenter\u00bb locked=\u00bboff\u00bb global_colors_info=\u00bb{}\u00bb]<\/p>\n<p>Cartagena &#8211; Colombia<\/p>\n<p>[\/et_pb_text][et_pb_text _builder_version=\u00bb4.27.5&#8243; _module_preset=\u00bbdefault\u00bb locked=\u00bboff\u00bb global_colors_info=\u00bb{}\u00bb]<\/p>\n<p>El evento m\u00e1s importante de la comunidad IBM Maximo en Hispanoam\u00e9rica. Re\u00fane a usuarios, expertos y l\u00edderes de +10 pa\u00edses para compartir casos de \u00e9xito, innovaci\u00f3n y mejores pr\u00e1cticas en gesti\u00f3n de activos.<\/p>\n<p>&nbsp;<\/p>\n<p>[\/et_pb_text][et_pb_button button_url=\u00bbhttps:\/\/www.elum.biz\/\u00bb button_text=\u00bbRegistrarme\u00bb button_alignment=\u00bbcenter\u00bb _builder_version=\u00bb4.27.5&#8243; _module_preset=\u00bbdefault\u00bb custom_button=\u00bbon\u00bb button_use_icon=\u00bboff\u00bb global_colors_info=\u00bb{}\u00bb][\/et_pb_button][\/et_pb_column][et_pb_column type=\u00bb1_4&#8243; _builder_version=\u00bb4.27.5&#8243; _module_preset=\u00bbdefault\u00bb custom_padding=\u00bb50px|20px|50px|20px|true|true\u00bb border_radii=\u00bbon|20px|20px|20px|20px\u00bb box_shadow_style=\u00bbpreset1&#8243; global_colors_info=\u00bb{}\u00bb][et_pb_text _builder_version=\u00bb4.27.5&#8243; _module_preset=\u00bbdefault\u00bb text_font=\u00bbComfortaa|700|||||||\u00bb text_text_color=\u00bb#083185&#8243; text_font_size=\u00bb20px\u00bb background_color=\u00bb#0097D3&#8243; text_orientation=\u00bbcenter\u00bb custom_padding=\u00bb10px||10px||true|false\u00bb border_radii=\u00bbon|50px|50px|50px|50px\u00bb global_colors_info=\u00bb{}\u00bb]<\/p>\n<p>03 Junio<\/p>\n<p>[\/et_pb_text][et_pb_text _builder_version=\u00bb4.27.5&#8243; _module_preset=\u00bbdefault\u00bb text_text_color=\u00bb#083185&#8243; text_font_size=\u00bb17px\u00bb text_orientation=\u00bbcenter\u00bb locked=\u00bboff\u00bb global_colors_info=\u00bb{}\u00bb]<\/p>\n<p>Version 9\u00b0<\/p>\n<p>[\/et_pb_text][et_pb_image src=\u00bbhttps:\/\/solex.biz\/webinars\/wp-content\/uploads\/2025\/09\/Logo-Data-2026.webp\u00bb title_text=\u00bbLogo Data 2026&#8243; align=\u00bbcenter\u00bb _builder_version=\u00bb4.27.5&#8243; _module_preset=\u00bbdefault\u00bb width=\u00bb100%\u00bb global_colors_info=\u00bb{}\u00bb][\/et_pb_image][et_pb_divider _builder_version=\u00bb4.27.5&#8243; _module_preset=\u00bbdefault\u00bb global_colors_info=\u00bb{}\u00bb][\/et_pb_divider][et_pb_text _builder_version=\u00bb4.27.5&#8243; _module_preset=\u00bbdefault\u00bb text_text_color=\u00bb#083185&#8243; text_font_size=\u00bb17px\u00bb text_orientation=\u00bbcenter\u00bb locked=\u00bboff\u00bb global_colors_info=\u00bb{}\u00bb]<\/p>\n<p>Santiago &#8211; Chile<\/p>\n<p>[\/et_pb_text][et_pb_text _builder_version=\u00bb4.27.5&#8243; _module_preset=\u00bbdefault\u00bb locked=\u00bboff\u00bb global_colors_info=\u00bb{}\u00bb]<\/p>\n<p>Evento que re\u00fane a profesionales de datos para profundizar en visualizaci\u00f3n, gobierno de datos y anal\u00edtica, con charlas din\u00e1micas de 20 minutos m\u00e1s espacio para preguntas.<\/p>\n<p>&nbsp;<\/p>\n<p>[\/et_pb_text][et_pb_button button_url=\u00bbhttps:\/\/www.solex.biz\/data-summit-chile\/\u00bb button_text=\u00bbRegistrarme\u00bb button_alignment=\u00bbcenter\u00bb _builder_version=\u00bb4.27.5&#8243; _module_preset=\u00bbdefault\u00bb custom_button=\u00bbon\u00bb button_use_icon=\u00bboff\u00bb global_colors_info=\u00bb{}\u00bb][\/et_pb_button][\/et_pb_column][et_pb_column type=\u00bb1_4&#8243; _builder_version=\u00bb4.27.5&#8243; _module_preset=\u00bbdefault\u00bb custom_padding=\u00bb50px|20px|50px|20px|true|true\u00bb border_radii=\u00bbon|20px|20px|20px|20px\u00bb box_shadow_style=\u00bbpreset1&#8243; global_colors_info=\u00bb{}\u00bb][et_pb_text _builder_version=\u00bb4.27.5&#8243; _module_preset=\u00bbdefault\u00bb text_font=\u00bbComfortaa|700|||||||\u00bb text_text_color=\u00bb#083185&#8243; text_font_size=\u00bb20px\u00bb background_color=\u00bb#0097D3&#8243; text_orientation=\u00bbcenter\u00bb custom_padding=\u00bb10px||10px||true|false\u00bb border_radii=\u00bbon|50px|50px|50px|50px\u00bb global_colors_info=\u00bb{}\u00bb]<\/p>\n<p>04 Junio<\/p>\n<p>[\/et_pb_text][et_pb_text _builder_version=\u00bb4.27.5&#8243; _module_preset=\u00bbdefault\u00bb text_text_color=\u00bb#083185&#8243; text_font_size=\u00bb17px\u00bb text_orientation=\u00bbcenter\u00bb locked=\u00bboff\u00bb global_colors_info=\u00bb{}\u00bb]<\/p>\n<p>Version 7\u00b0<\/p>\n<p>[\/et_pb_text][et_pb_image src=\u00bbhttps:\/\/solex.biz\/webinars\/wp-content\/uploads\/2025\/10\/imgi_7_Logo.png\u00bb title_text=\u00bbimgi_7_Logo\u00bb align=\u00bbcenter\u00bb _builder_version=\u00bb4.27.5&#8243; _module_preset=\u00bbdefault\u00bb width=\u00bb90%\u00bb global_colors_info=\u00bb{}\u00bb][\/et_pb_image][et_pb_divider _builder_version=\u00bb4.27.5&#8243; _module_preset=\u00bbdefault\u00bb global_colors_info=\u00bb{}\u00bb][\/et_pb_divider][et_pb_text _builder_version=\u00bb4.27.5&#8243; _module_preset=\u00bbdefault\u00bb text_text_color=\u00bb#083185&#8243; text_font_size=\u00bb17px\u00bb text_orientation=\u00bbcenter\u00bb locked=\u00bboff\u00bb global_colors_info=\u00bb{}\u00bb]<\/p>\n<p>Santiago &#8211; Chile<\/p>\n<p>[\/et_pb_text][et_pb_text _builder_version=\u00bb4.27.5&#8243; _module_preset=\u00bbdefault\u00bb locked=\u00bboff\u00bb global_colors_info=\u00bb{}\u00bb]<\/p>\n<p>Un espacio especializado para profesionales de ServiceNow enfocado en IA, automatizaci\u00f3n y workflows digitales. Ofrece charlas, casos de \u00e9xito y networking, con su pr\u00f3xima edici\u00f3n en Santiago el 4 de junio de 2026.<\/p>\n<p>&nbsp;<\/p>\n<p>[\/et_pb_text][et_pb_button button_url=\u00bbhttps:\/\/www.solex.biz\/elus-servicenow\/\u00bb button_text=\u00bbRegistrarme\u00bb button_alignment=\u00bbcenter\u00bb _builder_version=\u00bb4.27.5&#8243; _module_preset=\u00bbdefault\u00bb custom_button=\u00bbon\u00bb button_use_icon=\u00bboff\u00bb global_colors_info=\u00bb{}\u00bb][\/et_pb_button][\/et_pb_column][\/et_pb_row][\/et_pb_section][et_pb_section fb_built=\u00bb1&#8243; _builder_version=\u00bb4.27.5&#8243; _module_preset=\u00bbdefault\u00bb background_enable_color=\u00bboff\u00bb global_colors_info=\u00bb{}\u00bb][et_pb_row column_structure=\u00bb1_2,1_2&#8243; disabled_on=\u00bboff|off|off\u00bb _builder_version=\u00bb4.27.5&#8243; _module_preset=\u00bbdefault\u00bb background_color=\u00bb#083185&#8243; use_background_color_gradient=\u00bbon\u00bb background_color_gradient_direction=\u00bb242deg\u00bb background_color_gradient_stops=\u00bb#2b87da 0%|#083185 100%\u00bb background_image=\u00bbhttps:\/\/solex.biz\/webinars\/wp-content\/uploads\/2025\/02\/businesswoman-using-tablet-analysis-graph-company-finance-s-scaled.jpg\u00bb background_blend=\u00bbmultiply\u00bb min_height=\u00bb123.1px\u00bb custom_padding=\u00bb31px|0px|55px|||\u00bb border_radii=\u00bbon|20px|20px|20px|20px\u00bb box_shadow_style=\u00bbpreset1&#8243; locked=\u00bboff\u00bb global_colors_info=\u00bb{}\u00bb][et_pb_column type=\u00bb1_2&#8243; _builder_version=\u00bb4.27.0&#8243; _module_preset=\u00bbdefault\u00bb global_colors_info=\u00bb{}\u00bb][et_pb_text _builder_version=\u00bb4.27.5&#8243; _module_preset=\u00bbdefault\u00bb text_text_color=\u00bb#6AD6EF\u00bb text_font_size=\u00bb35px\u00bb text_orientation=\u00bbright\u00bb custom_margin=\u00bb30px||15px||false|false\u00bb global_colors_info=\u00bb{}\u00bb]<\/p>\n<p>\u00danete a nuestro<\/p>\n<p>[\/et_pb_text][et_pb_text _builder_version=\u00bb4.27.5&#8243; _module_preset=\u00bbdefault\u00bb text_text_color=\u00bb#ffffff\u00bb text_font_size=\u00bb20px\u00bb text_orientation=\u00bbright\u00bb global_colors_info=\u00bb{}\u00bb]<\/p>\n<p>pr\u00f3ximos webinars virtuales<\/p>\n<p>[\/et_pb_text][\/et_pb_column][et_pb_column type=\u00bb1_2&#8243; _builder_version=\u00bb4.27.0&#8243; _module_preset=\u00bbdefault\u00bb global_colors_info=\u00bb{}\u00bb][et_pb_button button_url=\u00bbhttps:\/\/solex.biz\/webinars\/\u00bb button_text=\u00bbVer Webinars\u00bb button_alignment=\u00bbleft\u00bb _builder_version=\u00bb4.27.5&#8243; _module_preset=\u00bbdefault\u00bb custom_button=\u00bbon\u00bb button_text_color=\u00bb#083185&#8243; button_bg_color=\u00bb#ffffff\u00bb custom_margin=\u00bb38px|||||\u00bb global_colors_info=\u00bb{}\u00bb][\/et_pb_button][\/et_pb_column][\/et_pb_row][\/et_pb_section]<\/p>\n","protected":false},"excerpt":{"rendered":"<p>EVENTOS SOLEXConoce los encuentros l\u00edderes en Latinoam\u00e9rica sobre Gesti\u00f3n de Activos, ServiceNow y Anal\u00edtica de Datos. Eventos dise\u00f1ados para inspirar, conectar y potenciar la transformaci\u00f3n digital.Pr\u00f3ximos Eventos Presenciales23 AbrilVersion 9\u00b0Bogot\u00e1 &#8211; ColombiaEncuentro enfocado en anal\u00edtica avanzada, mejores pr\u00e1cticas y experiencias empresariales que impulsan estrategias de datos s\u00f3lidas y escalables en las organizaciones. &nbsp;13, 14 y [&hellip;]<\/p>\n","protected":false},"author":23,"featured_media":0,"parent":0,"menu_order":0,"comment_status":"closed","ping_status":"closed","template":"","meta":{"_et_pb_use_builder":"on","_et_pb_old_content":"","_et_gb_content_width":"","footnotes":""},"class_list":["post-25669","page","type-page","status-publish","hentry"],"yoast_head":"<!-- This site is optimized with the Yoast SEO plugin v27.3 - https:\/\/yoast.com\/product\/yoast-seo-wordpress\/ -->\n<title>Eventos | Solex<\/title>\n<meta name=\"robots\" content=\"index, follow, max-snippet:-1, max-image-preview:large, max-video-preview:-1\" \/>\n<link rel=\"canonical\" href=\"https:\/\/solex.biz\/webinars\/eventos\/\" \/>\n<meta property=\"og:locale\" content=\"es_ES\" \/>\n<meta property=\"og:type\" content=\"article\" \/>\n<meta property=\"og:title\" content=\"Eventos | Solex\" \/>\n<meta property=\"og:url\" content=\"https:\/\/solex.biz\/webinars\/eventos\/\" \/>\n<meta property=\"og:site_name\" content=\"Solex\" \/>\n<meta property=\"article:publisher\" content=\"https:\/\/www.facebook.com\/solex.chile\/\" \/>\n<meta property=\"article:modified_time\" content=\"2026-03-24T17:55:48+00:00\" \/>\n<meta name=\"twitter:card\" content=\"summary_large_image\" \/>\n<meta name=\"twitter:site\" content=\"@SOLEX_OFICIAL\" \/>\n<script type=\"application\/ld+json\" class=\"yoast-schema-graph\">{\"@context\":\"https:\\\/\\\/schema.org\",\"@graph\":[{\"@type\":\"WebPage\",\"@id\":\"https:\\\/\\\/solex.biz\\\/webinars\\\/eventos\\\/\",\"url\":\"https:\\\/\\\/solex.biz\\\/webinars\\\/eventos\\\/\",\"name\":\"Eventos | Solex\",\"isPartOf\":{\"@id\":\"https:\\\/\\\/solex.biz\\\/webinars\\\/#website\"},\"datePublished\":\"2026-01-26T14:05:21+00:00\",\"dateModified\":\"2026-03-24T17:55:48+00:00\",\"breadcrumb\":{\"@id\":\"https:\\\/\\\/solex.biz\\\/webinars\\\/eventos\\\/#breadcrumb\"},\"inLanguage\":\"es\",\"potentialAction\":[{\"@type\":\"ReadAction\",\"target\":[\"https:\\\/\\\/solex.biz\\\/webinars\\\/eventos\\\/\"]}]},{\"@type\":\"BreadcrumbList\",\"@id\":\"https:\\\/\\\/solex.biz\\\/webinars\\\/eventos\\\/#breadcrumb\",\"itemListElement\":[{\"@type\":\"ListItem\",\"position\":1,\"name\":\"Portada\",\"item\":\"https:\\\/\\\/solex.biz\\\/webinars\\\/\"},{\"@type\":\"ListItem\",\"position\":2,\"name\":\"Eventos\"}]},{\"@type\":\"WebSite\",\"@id\":\"https:\\\/\\\/solex.biz\\\/webinars\\\/#website\",\"url\":\"https:\\\/\\\/solex.biz\\\/webinars\\\/\",\"name\":\"Solex\",\"description\":\"\",\"publisher\":{\"@id\":\"https:\\\/\\\/solex.biz\\\/webinars\\\/#organization\"},\"potentialAction\":[{\"@type\":\"SearchAction\",\"target\":{\"@type\":\"EntryPoint\",\"urlTemplate\":\"https:\\\/\\\/solex.biz\\\/webinars\\\/?s={search_term_string}\"},\"query-input\":{\"@type\":\"PropertyValueSpecification\",\"valueRequired\":true,\"valueName\":\"search_term_string\"}}],\"inLanguage\":\"es\"},{\"@type\":\"Organization\",\"@id\":\"https:\\\/\\\/solex.biz\\\/webinars\\\/#organization\",\"name\":\"Solex\",\"url\":\"https:\\\/\\\/solex.biz\\\/webinars\\\/\",\"logo\":{\"@type\":\"ImageObject\",\"inLanguage\":\"es\",\"@id\":\"https:\\\/\\\/solex.biz\\\/webinars\\\/#\\\/schema\\\/logo\\\/image\\\/\",\"url\":\"\",\"contentUrl\":\"\",\"caption\":\"Solex\"},\"image\":{\"@id\":\"https:\\\/\\\/solex.biz\\\/webinars\\\/#\\\/schema\\\/logo\\\/image\\\/\"},\"sameAs\":[\"https:\\\/\\\/www.facebook.com\\\/solex.chile\\\/\",\"https:\\\/\\\/x.com\\\/SOLEX_OFICIAL\"]}]}<\/script>\n<!-- \/ Yoast SEO plugin. -->","yoast_head_json":{"title":"Eventos | Solex","robots":{"index":"index","follow":"follow","max-snippet":"max-snippet:-1","max-image-preview":"max-image-preview:large","max-video-preview":"max-video-preview:-1"},"canonical":"https:\/\/solex.biz\/webinars\/eventos\/","og_locale":"es_ES","og_type":"article","og_title":"Eventos | Solex","og_url":"https:\/\/solex.biz\/webinars\/eventos\/","og_site_name":"Solex","article_publisher":"https:\/\/www.facebook.com\/solex.chile\/","article_modified_time":"2026-03-24T17:55:48+00:00","twitter_card":"summary_large_image","twitter_site":"@SOLEX_OFICIAL","schema":{"@context":"https:\/\/schema.org","@graph":[{"@type":"WebPage","@id":"https:\/\/solex.biz\/webinars\/eventos\/","url":"https:\/\/solex.biz\/webinars\/eventos\/","name":"Eventos | Solex","isPartOf":{"@id":"https:\/\/solex.biz\/webinars\/#website"},"datePublished":"2026-01-26T14:05:21+00:00","dateModified":"2026-03-24T17:55:48+00:00","breadcrumb":{"@id":"https:\/\/solex.biz\/webinars\/eventos\/#breadcrumb"},"inLanguage":"es","potentialAction":[{"@type":"ReadAction","target":["https:\/\/solex.biz\/webinars\/eventos\/"]}]},{"@type":"BreadcrumbList","@id":"https:\/\/solex.biz\/webinars\/eventos\/#breadcrumb","itemListElement":[{"@type":"ListItem","position":1,"name":"Portada","item":"https:\/\/solex.biz\/webinars\/"},{"@type":"ListItem","position":2,"name":"Eventos"}]},{"@type":"WebSite","@id":"https:\/\/solex.biz\/webinars\/#website","url":"https:\/\/solex.biz\/webinars\/","name":"Solex","description":"","publisher":{"@id":"https:\/\/solex.biz\/webinars\/#organization"},"potentialAction":[{"@type":"SearchAction","target":{"@type":"EntryPoint","urlTemplate":"https:\/\/solex.biz\/webinars\/?s={search_term_string}"},"query-input":{"@type":"PropertyValueSpecification","valueRequired":true,"valueName":"search_term_string"}}],"inLanguage":"es"},{"@type":"Organization","@id":"https:\/\/solex.biz\/webinars\/#organization","name":"Solex","url":"https:\/\/solex.biz\/webinars\/","logo":{"@type":"ImageObject","inLanguage":"es","@id":"https:\/\/solex.biz\/webinars\/#\/schema\/logo\/image\/","url":"","contentUrl":"","caption":"Solex"},"image":{"@id":"https:\/\/solex.biz\/webinars\/#\/schema\/logo\/image\/"},"sameAs":["https:\/\/www.facebook.com\/solex.chile\/","https:\/\/x.com\/SOLEX_OFICIAL"]}]}},"_links":{"self":[{"href":"https:\/\/solex.biz\/webinars\/wp-json\/wp\/v2\/pages\/25669","targetHints":{"allow":["GET"]}}],"collection":[{"href":"https:\/\/solex.biz\/webinars\/wp-json\/wp\/v2\/pages"}],"about":[{"href":"https:\/\/solex.biz\/webinars\/wp-json\/wp\/v2\/types\/page"}],"author":[{"embeddable":true,"href":"https:\/\/solex.biz\/webinars\/wp-json\/wp\/v2\/users\/23"}],"replies":[{"embeddable":true,"href":"https:\/\/solex.biz\/webinars\/wp-json\/wp\/v2\/comments?post=25669"}],"version-history":[{"count":10,"href":"https:\/\/solex.biz\/webinars\/wp-json\/wp\/v2\/pages\/25669\/revisions"}],"predecessor-version":[{"id":25779,"href":"https:\/\/solex.biz\/webinars\/wp-json\/wp\/v2\/pages\/25669\/revisions\/25779"}],"wp:attachment":[{"href":"https:\/\/solex.biz\/webinars\/wp-json\/wp\/v2\/media?parent=25669"}],"curies":[{"name":"wp","href":"https:\/\/api.w.org\/{rel}","templated":true}]}}